 l be m(-12). Let f(k) = 378*k**2 + 2*k - 1. What is the units digit of f(l)?
9
Let v be (-79)/3 + 1 + 9/27. Let p be ((-130)/v - 2)*(-1 - -6). What is the tens digit of ((52/p)/1)/(2/56)?
9
Let k = 810 + -1365. Let q = k - -1739. What is the hundreds digit of q?
1
Suppose 0 = -g - 5*j + 25, 0*j + 179 = 5*g - 2*j. Let c be g/5 + -3 - 282. What is the tens digit of 2/(c/(-69) + -4)?
6
What is the thousands digit of (-634)/(-951)*(-6532)/(-2)*174/8?
7
Let o be -5 - (370/(-34) - (-14)/(-119)). Let k(j) = 5*j**3 - 5*j**2 + 13*j + 5. What is the tens digit of k(o)?
8
Let c(f) = 15*f**2 + 6*f + 13*f**2 - 9*f**2 - 1. Let b be c(4). Suppose 2*u - t - 181 = 0, 4*u + t = -4*t + b. What is the tens digit of u?
8
Suppose -470*l = -468*l - 6. Suppose 3*w - 661 = 37*c - 42*c, -l*c = -2*w + 447. What is the hundreds digit of w?
2
Let q(w) = w**2 + 8*w - 9. Let g = 258 + -252. What is the tens digit of q(g)?
7
Suppose 0 = 5*j - j + 16, 4*o - j - 52 = 0. What is the units digit of -6 + -16*(5 + (-873)/o)?
8
What is the hundreds digit of (-1017484)/(-468) + 4/((-108)/3)?
1
Suppose -4*p = 3*w - 12, 3*p - 16 = p + w. Suppose 8*y - 5*y + p = 0, 3149 = 5*b - 2*y. What is the units digit of b?
9
Suppose 172*b + 22287 - 1410767 = 814152. What is the ten thousands digit of b?
1
Suppose -201 = -w - 61. Suppose 0 = -5*q + q - w. Let l = -7 - q. What is the units digit of l?
8
What is the thousands digit of ((-522)/15)/((-55011)/(-3930) - 14)?
5
Suppose -11*x + 31 = 31. Suppose x = -2*d + 319 + 397. What is the hundreds digit of d?
3
Suppose 14*f - 23495 = 18673. Suppose -22*k + f + 640 = 0. What is the hundreds digit of k?
1
Let p(n) be the third derivative of n**5/20 - 7*n**4/6 - 4*n**3 - n**2 - 17*n. What is the hundreds digit of p(17)?
3
Let t(o) = 13*o + 7*o - 29*o - 208 + 2*o**2. What is the tens digit of t(-19)?
8
Let k(u) = 341*u**2 + 8*u - 18. Let t be k(2). Suppose 9 = -3*m, -m - 173 = -4*j + t. What is the hundreds digit of j?
3
Let m be 4/(-14) - (-2 - 300/21). Let c = 286 + m. Let d = c - 43. What is the tens digit of d?
5
Suppose -1362 = -2*o + 1560. Suppose -5*p = 4*l + 1192, 5*l - p = -0*p - o. What is the units digit of 1/1 + (-3 - -5) - l?
6
Suppose -2*y - 4894 = -4*o, 4901 = 4*o + 12*y - 7*y. Let n = o - 561. What is the hundreds digit of n?
6
Suppose -15178 = -7*g + 4*g - k, -3*k + 5062 = g. What is the tens digit of g?
5
Suppose 4*n - l = 1, -20*l = 2*n - 16*l - 14. What is the tens digit of 7 + (7938/n)/9?
8
Let w(z) = 10*z + 8. Let u be w(5). Suppose 0 = u*x - 62*x - 24. What is the units digit of (-272)/x*6/4?
8
Let r = -46501 + 83264. What is the thousands digit of r?
6
Let a(t) = -2*t**2 + t + 114. Suppose -12 = -11*l + 10. Suppose -3*y - l*m = 0, -3*m = y + 3*y. What is the tens digit of a(y)?
1
Suppose 5*p - 5*n - 70520 = 0, n + 4028 = -2*p + 32254. What is the thousands digit of p?
4
Let z(k) = k + 71. Let r(d) = d**3 + 26*d**2 + 2*d + 67. Let y be r(-26). What is the units digit of z(y)?
6
Suppose 170*m - 3403922 = 297828. What is the thousands digit of m?
1
Let t(a) = -6*a**2 - 6*a - 1. Let n(p) = -p**2. Let z(y) = -2*n(y) + t(y). Let j be z(-2). What is the units digit of 12020/100 - 4/j?
1
Suppose u = -0*u + 19. Let y be (-3 + 5)*(-21 - -37). Suppose 20*r - u*r = y. What is the units digit of r?
2
Let s = -75 - -71. Let c(l) = 6*l**2 - 8*l - 24. Let g be c(8). What is the hundreds digit of g*s*(-12)/64?
2
Suppose -51*f + 15266 = -34*f. What is the hundreds digit of f?
8
Let j(g) = 2*g**2 - 24*g + 18. Let d(h) = h. Let x(o) = 2*d(o) + j(o). What is the tens digit of x(18)?
7
Let s(r) = -26 + 0 + 12 + 0*r - r. Let u be s(-11). What is the units digit of 22*(-4 - -1)/u?
2
Let f(h) = -36*h. Let s be f(-1). Let n be 14/(6/s*(-4)/1). Let a = n + 47. What is the units digit of a?
6
Let z = -82 + 24. Let h = 62 + z. What is the tens digit of h + 0 + (57 - 20)?
4
Let x = 42061 + -27187. What is the units digit of x?
4
Let k be 1/2*(-56)/(-2) + 1. Suppose -k*s = -12*s - 36. What is the tens digit of 14/(((-8)/s)/(-2))?
4
Suppose -3*d - 120 = 3*q - 1326, -25 = -5*d. Let h = 437 - q. What is the units digit of h?
0
Suppose 5 = -4*u + 1. Let f be 27*(36/(-27))/(-2 + 1). What is the hundreds digit of ((-2040)/f)/(u/3)?
1
Let m(q) = -q**2 + 7*q + 89. Let x be m(-6). Suppose j - 4*f = 185, -14*f = -2*j - x*f + 355. What is the hundreds digit of j?
1
Let y = -6472 - -8770. What is the tens digit of y?
9
Suppose -5*x + 3*z - 97 = 0, 3*x + 20 = -4*z - 44. Let r(p) = -p**2 - 33*p - 33. What is the hundreds digit of r(x)?
2
Let d = -1918 + 2183. Let x = -64 + 173. Let f = d - x. What is the units digit of f?
6
Suppose -2*s - 2*v = 32, -v - 2*v - 3 = 0. Let q = s - -18. Suppose 4*p + q*t - 85 = 3*p, 0 = 3*p + 3*t - 243. What is the units digit of p?
9
Suppose -15885 - 11124 = -3*d. What is the hundreds digit of d?
0
Suppose -5*b + 58 = 3. Suppose 2*p = -b - 1. What is the units digit of ((-81)/p)/((-5)/(-30))?
1
Suppose 0 = -5*i + 152 - 122. Suppose -z - c + 8 = 0, 0 = -c - c + 6. What is the units digit of (-2)/z - (i - 504/35)?
8
Let f(k) = -23912*k - 51. What is the tens digit of f(-1)?
6
Suppose 2*o - 9 = 7. Let y(a) = 4*a + 2*a + 8*a - 3*a - 38 - 4. What is the tens digit of y(o)?
4
Let t(h) = 16936*h - 202. What is the units digit of t(3)?
6
Suppose -78 = -5*j - j. Suppose -r - 15 = 3*p - 0*p, j = r - 4*p. What is the tens digit of ((-2331)/84)/(r/4)?
3
Suppose 36 = -37*p + 39*p. Suppose -2*o + 117 = p*g - 13*g, -66 = -o - 4*g. What is the tens digit of o?
4
Suppose 22*v - 108037 = 35359. What is the tens digit of v?
1
Suppose -32*h - 129251 = -3*o - 27*h, 86172 = 2*o - h. What is the units digit of o?
7
Let u = 990 + -390. Suppose 4*n + 2*n = u. What is the tens digit of n?
0
Let a = 2409 - -5512. What is the thousands digit of a?
7
Let v(y) = -y**2 - 25*y - 19. Let l be v(-24). Suppose -l*t + 531 = -9. What is the tens digit of t?
0
Let o(b) = -b**3 - 31*b**2 - 32*b - 58. Let t be o(-30). Suppose 0 = 2*n + t + 4, n + 1704 = 3*u. What is the tens digit of u?
6
Let m be (-238)/(-18) + 4/(-18). Let s = -4818 - -4818. Suppose m*l + l - 3724 = s. What is the tens digit of l?
6
Let n = 6117 + -2252. What is the tens digit of n?
6
Let g be 99/55*15/9. Suppose g*j + 4618 = 10*l - 5*l, 4*l - 2*j = 3696. What is the tens digit of l?
2
Suppose 49*a - 109 = 50*a. Let v = -106 - a. Suppose -2*y - v*b = -423, 0*b = 4*y + b - 851. What is the hundreds digit of y?
2
Suppose 25 - 37 = -6*k. Suppose i - 742 = 4*x - 9*x, 1448 = k*i + x. What is the tens digit of i?
2
Suppose -w = -2*w + 306. Let k = -61 + w. What is the tens digit of k?
4
Suppose 0 = 2*b + 3*b - 4*c - 471, 4*c = -5*b + 439. Let x = b + 40. What is the hundreds digit of x?
1
Let j = -3 - 2. Let f(l) = 4*l**3 - 354 + 352 - 6*l - 3*l**2 - 5*l**3. What is the tens digit of f(j)?
7
Let p(n) = 4 + 63 - 28*n + 37*n - 104*n. What is the hundreds digit of p(-5)?
5
Let g = 82711 + 1642. What is the hundreds digit of g?
3
Let j = -3255 + 3485. What is the units digit of j?
0
Suppose -16 = -4*n - 0*n. Suppose a - 10 = 5*l - n*a, -a = -4*l + 4. Suppose -46 = -5*m - s + 434, -3*m - l*s + 295 = 0. What is the units digit of m?
5
Let r = -341 + 349. Suppose 0 = 15*x - r*x - 574. What is the tens digit of x?
8
Let k be (2212/12 - 4)/(4/(-12)). Let y = k - -882. What is the hundreds digit of y?
3
Let j(s) = s**2 - 17*s + 10. Let m(c) = c + 37. Let x be m(-21). Let f(u) = u**3 - 17*u**2 + 18*u - 13. Let d be f(x). What is the units digit of j(d)?
8
Let n be ((-364)/(-84) - (-4)/(-3)) + 21. What is the units digit of (-9 - 3747/n)*-8?
1
Let c(b) = -b**3 + 11*b**2 - 19*b + 12. Let q be c(9). Suppose -19 = q*j - 28. Suppose 0 = -2*x - j*x + 190. What is the units digit of x?
8
Let p(g) = 3992*g**3 - g**2 + 148*g - 292. What is the units digit of p(2)?
6
Let x be (-2228)/(-28) + 20/(-35). Let l = 35 - x. Let f = 46 + l. What is the units digit of f?
2
Let r(u) = 3*u + 1. Let o(y) = 4*y - 1. Let l(m) = -11*m + 3. Let a(q) = -3*l(q) - 8*o(q). Let g(t) = 30*a(t) - 5*r(t). What is the tens digit of g(10)?
1
Suppose -140*l - 10099314 = -200*l - 333*l. What is the tens digit of l?
9
Suppose 0 = 11*q - 15*q - 964. Let k = -612 - q. What is the tens digit of (k/(-28))/((-1)/(-8))?
0
Suppose 4*z - 21849 = m, -2*m - 54620 = 8*z - 1